{"version":"1.0","provider_name":"Col\u00b7legi de Dissenyadors d\u2019Interiors i Decoradors de Catalunya a Lleida","provider_url":"https:\/\/codic-lleida.com\/es\/","author_name":"calzbert","author_url":"https:\/\/codic-lleida.com\/es\/author\/calzbert\/","title":"Garant\u00eda de interiorista - Col\u00b7legi de Dissenyadors d\u2019Interiors i Decoradors de Catalunya a Lleida","type":"rich","width":600,"height":338,"html":"<blockquote class=\"wp-embedded-content\" data-secret=\"DOVft0WlXY\"><a href=\"https:\/\/codic-lleida.com\/es\/garantia-interiorista\/\">Garant\u00eda de interiorista<\/a><\/blockquote><iframe sandbox=\"allow-scripts\" security=\"restricted\" src=\"https:\/\/codic-lleida.com\/es\/garantia-interiorista\/embed\/#?secret=DOVft0WlXY\" width=\"600\" height=\"338\" title=\"\u00abGarant\u00eda de interiorista\u00bb \u2014 Col\u00b7legi de Dissenyadors d\u2019Interiors i Decoradors de Catalunya a Lleida\" data-secret=\"DOVft0WlXY\" frameborder=\"0\" marginwidth=\"0\" marginheight=\"0\" scrolling=\"no\" class=\"wp-embedded-content\"><\/iframe><script type=\"text\/javascript\">\n\/* <![CDATA[ *\/\n\/*! This file is auto-generated *\/\n!function(d,l){\"use strict\";l.querySelector&&d.addEventListener&&\"undefined\"!=typeof URL&&(d.wp=d.wp||{},d.wp.receiveEmbedMessage||(d.wp.receiveEmbedMessage=function(e){var t=e.data;if((t||t.secret||t.message||t.value)&&!\/[^a-zA-Z0-9]\/.test(t.secret)){for(var s,r,n,a=l.querySelectorAll('iframe[data-secret=\"'+t.secret+'\"]'),o=l.querySelectorAll('blockquote[data-secret=\"'+t.secret+'\"]'),c=new RegExp(\"^https?:$\",\"i\"),i=0;i<o.length;i++)o[i].style.display=\"none\";for(i=0;i<a.length;i++)s=a[i],e.source===s.contentWindow&&(s.removeAttribute(\"style\"),\"height\"===t.message?(1e3<(r=parseInt(t.value,10))?r=1e3:~~r<200&&(r=200),s.height=r):\"link\"===t.message&&(r=new URL(s.getAttribute(\"src\")),n=new URL(t.value),c.test(n.protocol))&&n.host===r.host&&l.activeElement===s&&(d.top.location.href=t.value))}},d.addEventListener(\"message\",d.wp.receiveEmbedMessage,!1),l.addEventListener(\"DOMContentLoaded\",function(){for(var e,t,s=l.querySelectorAll(\"iframe.wp-embedded-content\"),r=0;r<s.length;r++)(t=(e=s[r]).getAttribute(\"data-secret\"))||(t=Math.random().toString(36).substring(2,12),e.src+=\"#?secret=\"+t,e.setAttribute(\"data-secret\",t)),e.contentWindow.postMessage({message:\"ready\",secret:t},\"*\")},!1)))}(window,document);\n\/\/# sourceURL=https:\/\/codic-lleida.com\/wp-includes\/js\/wp-embed.min.js\n\/* ]]> *\/\n<\/script>\n","description":"La figura del interiorista es clave en la personalizaci\u00f3n de un espacio, desde el asesoramiento inicial, hasta la ejecuci\u00f3n del proyecto. Sus conocimientos, tanto t\u00e9cnicos como est\u00e9ticos, hacen esta figura imprescindible en la concepci\u00f3n de un ambiente a la medida de las personas que har\u00e1n uso.","thumbnail_url":"https:\/\/codic-lleida.com\/media\/codic-lleida-pantalla.png","thumbnail_width":1372,"thumbnail_height":954}

Garantía de interiorista - Col·legi de Dissenyadors d’Interiors i Decoradors de Catalunya a Lleida

<blockquote class="wp-embedded-content" data-secret="DOVft0WlXY"><a href="https://codic-lleida.com/es/garantia-interiorista/">Garantía de interiorista</a></blockquote><iframe sandbox="allow-scripts" security="restricted" src="https://codic-lleida.com/es/garantia-interiorista/embed/#?secret=DOVft0WlXY" width="600" height="338" title="«Garantía de interiorista» — Col·legi de Dissenyadors d’Interiors i Decoradors de Catalunya a Lleida" data-secret="DOVft0WlXY" frameborder="0" marginwidth="0" marginheight="0" scrolling="no" class="wp-embedded-content"></iframe><script type="text/javascript">
/* <![CDATA[ */
/*! This file is auto-generated */
!function(d,l){"use strict";l.querySelector&&d.addEventListener&&"undefined"!=typeof URL&&(d.wp=d.wp||{},d.wp.receiveEmbedMessage||(d.wp.receiveEmbedMessage=function(e){var t=e.data;if((t||t.secret||t.message||t.value)&&!/[^a-zA-Z0-9]/.test(t.secret)){for(var s,r,n,a=l.querySelectorAll('iframe[data-secret="'+t.secret+'"]'),o=l.querySelectorAll('blockquote[data-secret="'+t.secret+'"]'),c=new RegExp("^https?:$","i"),i=0;i<o.length;i++)o[i].style.display="none";for(i=0;i<a.length;i++)s=a[i],e.source===s.contentWindow&&(s.removeAttribute("style"),"height"===t.message?(1e3<(r=parseInt(t.value,10))?r=1e3:~~r<200&&(r=200),s.height=r):"link"===t.message&&(r=new URL(s.getAttribute("src")),n=new URL(t.value),c.test(n.protocol))&&n.host===r.host&&l.activeElement===s&&(d.top.location.href=t.value))}},d.addEventListener("message",d.wp.receiveEmbedMessage,!1),l.addEventListener("DOMContentLoaded",function(){for(var e,t,s=l.querySelectorAll("iframe.wp-embedded-content"),r=0;r<s.length;r++)(t=(e=s[r]).getAttribute("data-secret"))||(t=Math.random().toString(36).substring(2,12),e.src+="#?secret="+t,e.setAttribute("data-secret",t)),e.contentWindow.postMessage({message:"ready",secret:t},"*")},!1)))}(window,document);
//# sourceURL=https://codic-lleida.com/wp-includes/js/wp-embed.min.js
/* ]]> */
</script>

La figura del interiorista es clave en la personalización de un espacio, desde el asesoramiento inicial, hasta la ejecución del proyecto. Sus conocimientos, tanto técnicos como estéticos, hacen esta figura imprescindible en la concepción de un ambiente a la medida de las personas que harán uso.
